549*w - 304838. Determine t(-7).
5
Let k(t) = 2*t**3 - 387*t**2 - 2782*t + 23. What is k(-7)?
-152
Let q(p) = 12482*p - 189. What is q(0)?
-189
Let x(g) = 15476*g + 2383295. Give x(-154).
-9
Let w(g) = 333*g - 2155. Determine w(6).
-157
Let y(d) = -2*d**3 + 28*d**2 + 111*d - 1107. Calculate y(14).
447
Let t(z) = -2625*z - 837369. Give t(-319).
6
Let u(k) = -1720*k - 32953. Give u(-19).
-273
Let j(d) = 352633*d - 3173718. Determine j(9).
-21
Let m(t) = t**3 + t**2 + 3*t + 54. What is m(7)?
467
Let o(z) = 267*z + 53129. What is o(-199)?
-4
Let t(w) = w**3 + 511*w**2 + 1024*w + 2579. Give t(-509).
-475
Let k(w) = -w**2 - 317*w - 9043. What is k(-32)?
77
Let n(r) = 3*r**3 - 50*r**2 + 258*r - 817. Calculate n(13).
678
Let q(v) = v**3 - 102*v**2 + 2613*v - 2080. What is q(56)?
-8
Let l(x) = 2*x**3 + 102*x**2 + 1259*x + 130. What is l(-20)?
-250
Let m(w) = 868132*w - 1736269. Calculate m(2).
-5
Let b(x) = -562*x - 74297. Determine b(-143).
6069
Let l(n) = 10*n**2 + 150*n + 145. Determine l(-1).
5
Let d(s) = 10*s + 19. Determine d(-104).
-1021
Let d(k) = -2*k**3 + 32*k**2 + 31*k + 67. What is d(15)?
982
Let y(a) = -168*a + 19802. Determine y(110).
1322
Let t(q) = 8726*q + 331591. Calculate t(-38).
3
Let m(o) = -o**3 - 2715*o**2 + 27255*o - 49. Calculate m(10).
1
Let s(l) = 48167*l + 96295. Calculate s(-2).
-39
Let m(p) = -59*p + 6859. Calculate m(108).
487
Let o(j) = -3*j**3 + 824*j**2 + 5343*j - 1117. What is o(281)?
7
Let c(v) = 4*v**3 + 1040*v**2 - 3211*v - 14451. Calculate c(-263).
14
Let i(t) = -11*t**3 + 278*t**2 - 30*t - 1112. Determine i(25).
13
Let b(j) = 7842*j - 2556500. Determine b(326).
-8
Let y(p) = 33*p**2 - 1423*p - 1286. Give y(44).
-10
Let t(d) = 605*d + 175408. Determine t(-290).
-42
Let s(g) = -9*g**2 - 21847*g - 4217045. Calculate s(-2216).
3
Let p(i) = -i**3 - 203*i**2 - 9599*i - 76. What is p(-75)?
-151
Let o(r) = -13869*r - 3800123. Give o(-274).
-17
Let d(p) = 2*p**3 + 939*p**2 - 4271*p - 2363. What is d(-474)?
7
Let q(v) = v**2 + 19*v + 217. Give q(-12).
133
Let q(g) = g**3 - 36*g**2 + 202*g + 69. Calculate q(29).
40
Let r(f) = -49*f**2 - 292*f + 330. Give r(-8).
-470
Let n(l) = -l**3 - 49*l**2 + 1546*l - 84732. Give n(-81).
-6
Let a(z) = 87*z**3 + 1651*z**2 + 562*z + 11371. Determine a(-19).
-29
Let v(s) = 6*s**2 - 406*s + 2555. Give v(54).
-1873
Let k(o) = 1357*o + 654075. What is k(-482)?
1
Let m(n) = -2*n**3 - 136*n**2 + 1738*n - 4. Determine m(-79).
-4
Let u(h) = -47506*h - 142470. Determine u(-3).
48
Let b(y) = -y**2 + 69*y + 526. What is b(-8)?
-90
Let y(v) = -1934*v - 21202. Give y(-11).
72
Let i(d) = -2*d**3 - 157*d**2 - 565*d - 14056. Give i(-76).
4
Let v(x) = x**3 - 51*x**2 + 142*x - 1880. What is v(49)?
276
Let a(d) = d**3 + 33*d**2 - 193*d + 1577. What is a(-39)?
-22
Let c(f) = -f**3 + 37*f**2 + 334*f - 1862. What is c(4)?
2
Let h(x) = x**2 - 281*x - 23737. What is h(-68)?
-5
Let m(q) = 72*q**3 - 26*q**2 + 88*q - 66. Give m(2).
582
Let x(c) = 866*c - 116906. What is x(135)?
4
Let k(w) = -w**2 - 3667*w - 40219. Give k(-11).
-3
Let p(j) = 14016*j - 83537. Determine p(6).
559
Let y(m) = 73*m**2 + 5637*m - 39448. Calculate y(7).
3588
Let z(d) = 36*d**2 + 132*d - 1. Determine z(-6).
503
Let d(p) = 2*p**3 + 66*p**2 + 332*p + 4642. Give d(-30).
82
Let j(n) = n**3 + 214*n**2 + 1530*n + 234493. What is j(-212)?
21
Let c(o) = 90544*o - 90545. Give c(1).
-1
Let v(s) = -111*s**2 + 161*s - 144. Determine v(1).
-94
Let w(y) = 3*y**2 + 906*y - 6497. What is w(-309)?
-8
Let i(a) = -346*a + 26909. Calculate i(74).
1305
Let c(i) = -i**3 - 156*i**2 - 5914*i + 39. Determine c(-90).
-2301
Let k(j) = 2*j**3 + 229*j**2 - 1050*j - 26273. Give k(-118).
159
Let z(v) = 541*v + 41072. What is z(-76)?
-44
Let x(i) = 19*i**2 - 463*i - 88. Determine x(27).
1262
Let n(h) = -2*h**3 - 235*h**2 - 345*h + 842. Give n(-116).
494
Let n(b) = 2*b**3 + 2111*b**2 - 3284*b - 2352779. Determine n(-1056).
-11
Let f(p) = 79126*p + 3956295. Calculate f(-50).
-5
Let w(p) = 8*p**2 - 760*p + 4517. Calculate w(88).
-411
Let a(j) = -3*j**3 - 1790*j**2 + 7832*j + 11460. Calculate a(-601).
41
Let r(l) = 458*l**3 - 6413*l**2 + 12*l + 22. Give r(14).
-6
Let w(u) = 1165*u + 9335. Give w(-8).
15
Let p(f) = 524599*f - 11016581. What is p(21)?
-2
Let f(b) = -b**2 + 66*b - 939. Determine f(27).
114
Let i(m) = -14*m**2 - 2277*m - 1536. Determine i(-162).
-78
Let w(v) = -v**3 + 27*v**2 + 31681*v - 188. Give w(192).
4
Let l(n) = -22*n**2 + 10178*n + 10178. Give l(-1).
-22
Let a(q) = -6423*q + 64227. What is a(10)?
-3
Let d(g) = 81348*g + 1057528. Give d(-13).
4
Let u(x) = 78*x**2 - 73*x + 154. Determine u(2).
320
Let c(k) = -k**2 - 23*k + 230. Determine c(-34).
-144
Let s(l) = -43*l**2 + 511*l - 1126. Give s(9).
-10
Let b(o) = -4301*o - 357014. Give b(-83).
-31
Let k(l) = -24063*l + 120212. Determine k(5).
-103
Let j(c) = 2*c**3 + 21*c**2 + 192*c + 3363. What is j(-13)?
22
Let i(c) = 80*c**3 + 2639*c**2 + 18*c + 1687. Determine i(-33).
4
Let m(g) = g**3 - 60*g**2 + 10*g - 673. Calculate m(60).
-73
Let m(w) = 2*w**3 + 513*w**2 + 294*w + 9635. Calculate m(-256).
-93
Let b(r) = 211*r - 11813. Give b(56).
3
Let k(i) = 61*i**2 + 1830*i + 152. Calculate k(-30).
152
Let x(t) = -t**2 - 391*t + 27592. Calculate x(61).
20
Let n(m) = -13547*m + 1612077. Determine n(119).
-16
Let q(p) = -498578*p + 5484364. Determine q(11).
6
Let u(x) = 381*x + 17262. What is u(-44)?
498
Let z(t) = -21680*t - 21604. Determine z(-1).
76
Let h(f) = -30*f - 916. Give h(-26).
-136
Let q(l) = -65*l**2 - 849*l - 79. Calculate q(-11).
1395
Let g(m) = 4*m**2 - 253*m + 139. Determine g(62).
-171
Let k(h) = 37*h**2 + 78*h + 362. Calculate k(-8).
2106
Let d(c) = c**3 + 32*c**2 - 106*c - 2456. Determine d(-29).
3141
Let p(v) = -17042*v + 169991. What is p(10)?
-429
Let g(n) = -n**3 + 748*n**2 + 311*n - 232620. Give g(748).
8
Let j(w) = -940*w + 587572. Give j(625).
72
Let t(u) = 49*u**2 - 4034*u - 24208. Determine t(-6).
1760
Let s(g) = -1834*g - 32625. Determine s(-18).
387
Let m(n) = 174483*n + 348943. Determine m(-2).
-23
Let y(q) = -6558*q**2 + 39335*q + 70. What is y(6)?
-8
Let f(k) = -2275*k - 27497. Give f(-12).
-197
Let f(m) = 169*m**3 - 12*m**2 - 7*m - 8. What is f(-1)?
-182
Let t(k) = -7*k**2 + 190*k + 784. What is t(-4)?
-88
Let j(v) = 20*v**2 + 1365*v - 4281. Give j(3).
-6
Let q(j) = -3*j**3 - 41*j**2 - 55*j - 249. What is q(-12)?
-309
Let g(v) = 182*v**2 + 1091*v - 1244. Give g(-7).
37
Let x(n) = 71643*n - 3152289. Give x(44).
3
Let d(c) = -15230*c - 1370702. Give d(-90).
-2
Let x(l) = 2*l**2 + 184*l + 13. Give x(0).
13
Let s(t) = t**3 - 15*t**2 - 33*t + 76. Determine s(9).
-707
Let r(f) = -2*f**2 + 1678*f - 72930. Determine r(46).
26
Let x(l) = 2757*l**2 - 22069*l + 27. Give x(8).
-77
Let h(x) = x**3 - 60*x**2 - 25*x - 2160. Determine h(61).
36
Let l(m) = 4*m**3 - m**2 + 46*m - 98. Calculate l(3).
139
Let y(w) = 1641*w + 2203. Determine y(-1).
562
Let k(m) = 2*m**3 - 10*m**2 - 32*m + 168. What is k(6)?
48
Let m(w) = 14*w**3 - 235*w**2 - 464*w + 2. What is m(-2)?
-122
Let g(j) = 19008*j + 988364. What is g(-52)?
-52
Let d(v) = 7*v**3 + 16*v**2 - 126*v + 24. What is d(7)?
2327
Let n(b) = 12*b**3 - 763*b**2 + 7699*b + 28. Give n(51).
-74
Let f(b) = 101*b - 8146. Give f(89).
843
Let f(z) = -z**3 + 218*z**2 + 5537*z + 329. Give f(241).
-1117
Let w(t) = t**2 - 487*t + 49792. Give w(341).
6
Let s(x) = -2*x**2 - 149*x - 1564. What is s(-61)?
83
Let b(s) = 1243*s - 801724. Calculate b(645).
11
Let y(m) = -10211*m - 490128. Give y(-48).
0
Let s(q) = -10*q**2 - 111*q + 503. Determine s(-29).
-4688
Let q(v) = -56018*v - 392170. Give q(-7).
-44
Let p(l) = 4*l**3 - 51*l**2 + 233*l - 198. Give p(6).
228
Let m(z) = -z**2 - 3568*z - 383718. Give m(-111).
9
Let m(t) = 20*t**2 - 468*t - 18. Determine m(25).
782
Let t(u) = 3*u**2 + 77*u - 220. Determine t(-26).
-194
Let b(v) = -12*v**3 - 26*v**2 + 277*v + 2. Determine b(-6).
-4
Let y(o) = -o**2 + 107*o - 308. Determine y(0).
-308
Let f(x) = -x**2 - 61*x - 357. Calculate f(-47).
301
Let o(q) = -q**3 - 16*q**2 + 54283*q + 868533. Give o(-16).
5
Let o(a) = 15*a**3 + 182*a**2 - 169*a + 15. Calculate o(-13).
15
Let x(m) = -260300*m - 2863285. Determine x(-11).
15
Let f(i) = -i**3 + 10*i**2 - 10*i + 2. Determine f(6).
86
Let b(q) = -918*q**2 + 41*q + 42. Give b(-1).
-917
L